 - 5*l - 24. Calculate m(-3).
-18
Let m(a) = 13*a + 8. Give m(3).
47
Let l(t) = -5*t**2 - 4*t + 2. Calculate l(3).
-55
Let i(x) = -4*x - 30. Give i(-10).
10
Let k(z) = -z**3 - 7*z**2 + 20*z + 12. Give k(-9).
-6
Let j(u) = -14*u - 101. Determine j(-7).
-3
Let j(m) = -m**3 - 5*m**2 + 3*m + 5. Determine j(-5).
-10
Let d(z) = z**3 - z**2 - 5*z + 4. What is d(-3)?
-17
Let r(i) = 3*i**2 + 18*i - 4. What is r(-6)?
-4
Let t(f) = f**3 - 14*f**2 + 9*f + 45. Calculate t(13).
-7
Let x(f) = 2*f**2 - 6*f - 27. Give x(0).
-27
Let l(c) = -c**2 + 11*c - 23. Determine l(11).
-23
Let z(k) = k**2 - 10*k - 24. Give z(10).
-24
Let o(d) = 7*d - 7. Calculate o(0).
-7
Let f(b) = -4*b + 11. Give f(-9).
47
Let v(j) = j**3 - 8*j**2 + j + 34. Calculate v(7).
-8
Let t(h) = -7*h + 8. Determine t(-7).
57
Let w(f) = -f**3 + 4*f**2 + 9*f - 10. Give w(6).
-28
Let t(m) = -3*m**2 - 19*m + 4. Calculate t(-6).
10
Let j(g) = 2*g**2 - 39*g + 3. Determine j(0).
3
Let k(x) = x**3 + 2*x**2 - 8*x. What is k(-4)?
0
Let f(c) = c**3 - 12*c**2 - 2*c + 25. Give f(12).
1
Let q(w) = -5*w**3 + 3*w**2 - w + 1. Give q(2).
-29
Let z(m) = 11*m**2 + 3*m + 1. Determine z(-2).
39
Let j(y) = -2*y**2 - y. Determine j(2).
-10
Let d(r) = -3*r**2 - 14*r + 65. What is d(3)?
-4
Let l(o) = 7*o**2 - 117*o - 27. Give l(17).
7
Let t(l) = -l**2 + 3*l + 18. Determine t(6).
0
Let o(n) = -38*n**3 + 2*n + 2. What is o(-1)?
38
Let k(s) = -10*s - 182. Calculate k(-20).
18
Let l(z) = -z + 3. Calculate l(12).
-9
Let j(m) = 25*m + 207. Calculate j(-8).
7
Let k(i) = i**2 - 4*i - 17. Determine k(7).
4
Let x(s) = -3*s - 61. Give x(-18).
-7
Let u(g) = -g**2 - 24*g + 32. Determine u(-20).
112
Let j(n) = -n**3 - 12*n**2 - 7*n - 35. Determine j(-12).
49
Let x(l) = -l**3 - 6*l**2 - 3*l + 4. Determine x(-6).
22
Let m(o) = o**3 + 5*o**2 + 2*o + 1. What is m(-5)?
-9
Let x(y) = y**3 - 12*y**2 - 11*y - 26. Calculate x(13).
0
Let u(l) = 5*l + 12. Determine u(-4).
-8
Let v(h) = 18*h. Give v(-3).
-54
Let o(n) = -5*n**2 - 4*n + 2. Give o(3).
-55
Let h(c) = 3*c + 5. What is h(0)?
5
Let u(i) = i**3 - 7*i**2 + 2. Calculate u(6).
-34
Let z(t) = -5*t - 10. Determine z(-4).
10
Let u(x) = x**3 - 2*x**2 + 4*x - 7. What is u(2)?
1
Let h(o) = -o**3 - 9*o**2 - 9*o - 6. Determine h(-8).
2
Let o(r) = -19*r**2. What is o(-1)?
-19
Let o(n) = -n**3 + 20*n**2 - 21*n + 44. Give o(19).
6
Let q(j) = -j**3 - 8*j**2 - 5*j + 8. What is q(-7)?
-6
Let u(l) = l**3 + 11*l**2 + 28*l + 4. Determine u(-7).
4
Let w(p) = 54*p + 5. Determine w(-1).
-49
Let a(w) = -w + 28. Give a(7).
21
Let b(p) = -2*p**2 + 4*p + 18. Calculate b(-4).
-30
Let d(s) = -65*s - 57. Determine d(-1).
8
Let h(p) = 31*p - 5. Determine h(-2).
-67
Let m(f) = f**2 - 13*f + 39. Calculate m(7).
-3
Let n(j) = j**3 - 3*j**2 - 3*j - 5. Determine n(5).
30
Let t(c) = c**3 - 9*c**2 + 3*c + 8. Calculate t(8).
-32
Let h(s) = -s + 4. Calculate h(15).
-11
Let m(a) = 2*a + 17. What is m(12)?
41
Let c(o) = -103*o - 522. Determine c(-5).
-7
Let c(m) = -m**2 - 3*m + 11. What is c(-11)?
-77
Let y(l) = -5*l - 14. Determine y(-4).
6
Let b(j) = 7*j. Give b(-1).
-7
Let g(h) = -5*h**3 - h**2 - h - 32. Calculate g(0).
-32
Let v(g) = g**2 + 12*g - 11. Determine v(-13).
2
Let b(u) = u - 18. Calculate b(14).
-4
Let h(g) = -g**2 + 17*g - 6. What is h(18)?
-24
Let l(v) = -v**3 + 16*v**2 + 2*v - 27. Determine l(16).
5
Let u(t) = t**3 + 6*t**2 + 5*t. Give u(-4).
12
Let x(o) = 16*o**3 + 2*o**2 + o + 1. Determine x(2).
139
Let x(p) = p**2 - p - 1. Determine x(2).
1
Let v(y) = 9*y + 129. What is v(-16)?
-15
Let u(o) = o**3 - 8*o**2 - 10*o + 9. Calculate u(9).
0
Let j(a) = -a**2 - 18*a - 24. What is j(-17)?
-7
Let f(z) = 3*z**2 + 3*z - 2. What is f(-2)?
4
Let y(h) = -h**2 + 24*h - 88. Determine y(5).
7
Let v(f) = f**2 + 15*f - 11. Determine v(-15).
-11
Let l(t) = -13*t - 7. Give l(-1).
6
Let h(s) = 4*s + 34. Give h(-8).
2
Let c(n) = 13*n + 740. What is c(-57)?
-1
Let o(s) = -s**3 - 19*s**2 - 60*s - 23. Give o(-15).
-23
Let u(b) = 3*b**2 - 28*b + 82. What is u(7)?
33
Let o(n) = n**3 - 2*n**2 - 2*n - 3. Calculate o(4).
21
Let p(i) = i**3 + 2*i**2 + 3*i + 1. Give p(-4).
-43
Let t(k) = -2*k**2 - 52*k + 119. Give t(-28).
7
Let z(t) = 12*t**2 + 29*t - 5. What is z(-3)?
16
Let b(q) = 6*q - 84. What is b(15)?
6
Let a(c) = -c**3 - 10*c**2 - 25*c. What is a(-4)?
4
Let v(l) = 21*l - 133. Give v(6).
-7
Let b(l) = -l**2 + 8*l + 63. Calculate b(12).
15
Let t(r) = -2*r + 39. Calculate t(25).
-11
Let o(a) = 6*a + 268. Determine o(-42).
16
Let k(t) = -t**2 - 17*t - 73. Determine k(-10).
-3
Let s(u) = u**2 - 6*u - 5. What is s(6)?
-5
Let s(y) = 40*y**2 + 2*y + 2. Give s(-1).
40
Let i(y) = y**3 + 2*y**2 - 8*y + 2. What is i(-4)?
2
Let b(r) = -r**2 - 21*r + 45. Give b(-23).
-1
Let k(y) = -y**3 + 12*y**2 + 12*y + 12. Determine k(13).
-1
Let u(i) = 3*i**2 + 4*i + 3. Determine u(-2).
7
Let j(a) = 21*a + 352. Give j(-17).
-5
Let o(y) = y**3 - y**2 - y - 12. What is o(0)?
-12
Let b(t) = t**3 - 2*t**2 - 19*t + 11. Give b(5).
-9
Let t(l) = -l**3 - 14*l**2 + 16*l + 17. Determine t(-15).
2
Let w(j) = 7*j + 2. Determine w(10).
72
Let k(b) = -2*b**3 - 31*b**2 - 15*b + 6. What is k(-15)?
6
Let a(g) = g**3 + 10*g**2 + 19*g - 13. Give a(-7).
1
Let u(w) = -9*w + 1. Calculate u(-3).
28
Let m(v) = -18*v + 1. Calculate m(-7).
127
Let v(w) = -5*w**2 - 26*w - 49. What is v(-3)?
-16
Let l(m) = -m**3 - 9*m**2 + 10*m + 6. Determine l(-9).
-84
Let x(d) = -d**2 - d + 5. Give x(3).
-7
Let v(f) = -18*f. Determine v(-1).
18
Let n(h) = -h**3 + h**2 + 3*h + 5. What is n(-4)?
73
Let u(i) = i**2 - 2. Determine u(2).
2
Let z(p) = p - 1. What is z(7)?
6
Let b(u) = 8*u**2 - 5*u - 5. What is b(5)?
170
Let m(p) = 35*p - 151. Give m(7).
94
Let d(h) = h**2 + 27*h + 175. Calculate d(-16).
-1
Let x(m) = -m**3 - 17*m**2 + 18*m - 2. Give x(-18).
-2
Let b(m) = m**2 - 7*m + 14. Determine b(4).
2
Let m(k) = -k**3 + 6*k**2 + 18*k - 2. What is m(6)?
106
Let c(m) = -2*m**2 - 22*m + 4. Determine c(-10).
24
Let s(b) = -b**3 + 7*b**2 + 9. Calculate s(7).
9
Let c(t) = -t - 14. Determine c(19).
-33
Let z(r) = 5*r - 2. What is z(-1)?
-7
Let o(d) = d**3 + 34*d**2 + 26*d - 231. Give o(-33).
0
Let g(i) = 14*i - 50. Determine g(4).
6
Let u(i) = -2*i**2 + i - 1. Give u(-4).
-37
Let i(x) = -15*x**3 - 2*x**2 + 1. Calculate i(-1).
14
Let t(u) = u**3 + 20*u**2 - 17*u + 22. Give t(-21).
-62
Let a(d) = 8*d + 131. Calculate a(-24).
-61
Let t(j) = j**3 - 6*j**2 + 4*j - 6. Calculate t(5).
-11
Let y(n) = n**3 + 6*n**2 + 3*n - 14. Determine y(-5).
-4
Let p(m) = 3*m**2 - 8*m - 3. What is p(5)?
32
Let r(x) = -x**2 + 6*x - 8. Determine r(7).
-15
Let u(s) = s**2 + 13*s + 31. What is u(-9)?
-5
Let r(v) = 2*v**2 + 2*v - 2. Give r(2).
10
Let y(z) = -z**2 + 2*z - 26. Determine y(0).
-26
Let h(f) = -f**3 - 18*f**2 + 39*f + 36. Give h(-20).
56
Let i(d) = -22*d + 11. What is i(3)?
-55
Let v(r) = 5*r + 135. Calculate v(-28).
-5
Let n(t) = t**2 - 19*t + 103. Give n(10).
13
Let w(d) = 169*d + 346. What is w(-2)?
8
Let o(g) = 6*g**3 + 2*g**2 - g - 2. Determine o(-1).
-5
Let n(h) = 28*h - 2. Give n(1).
26
Let t(p) = 69*p**2 - 1. What is t(1)?
68
Let x(k) = -k**2 + 7*k - 1. Determine x(8).
-9
Let o(g) = -g**3 + 20*g**2 + 23*g - 42. Give o(21).
0
Let d(y) = y**3 + 7*y**2 + 4*y + 5. Give d(-5).
35
Let s(v) = 5*v - 10. Determine s(-5).
-35
Let m(x) = -4*x**3 + x. What is m(-1)?
3
Let q(x) = -9*x**2 + 2*x. What is q(-1)?
-11
Let x(d) = d**2 - 4*d. Give x(-5).
45
Let t(g) = -41*g + 11. Determine t(-2).
93
Let w(z) = -z**2 + 8*z - 10. Determine w(6).
2
Let u(y) = y**2 + 3*y - 65. Calculate u(0).
-65
Let g(m) = m**3 + 26*m**2 - 26*m + 32. Give g(-27).
5
Let t(b) = -b**3 - 5*b + 1. What is t(0)?
1
Let t(k) = k**2 - k - 1. Determine t(-6).
41
Let j(l) = -2*l**3 - 3*l**2 + 6*l + 1. Calculate j(-4).
57
Let t(y) = 2*y**2 - 3*y + 19. Give t(5).
54
Let h(j) = -23*j - 34. Calculate h(-4).
58
Let d(f) = -2*f - 15. Determine d(-8).
1
Let b(w) = -2*w - 35. Calculate b(15).
-65
Let i(m) = m**2 + 24*m + 31. What is i(-21)?
-32
Let g(v) = 3*v - 31. Give g(6).
-13
Let l(k) = k**2 + 10*k - 4. Determine l(-9).
-13
Let q(d) = d**2 + 9*d. Determine q(-12).
36
Let u(i) = -i**2 - 7*i + 11. What is u(-8)?
3
Let l(v) = -v**3 + 3*v**2 + v - 2. Give l(3).
1
Let q(k) = -k**3 - 6*k**2 + 8*k + 5. Calculate q(-7).
-2
Let z(q) = q**3 - 14*q**2 + 23*q - 129. Give z(13).
1
